{"id":537,"date":"2025-03-11T14:44:56","date_gmt":"2025-03-11T14:44:56","guid":{"rendered":"https:\/\/forpay.com.br\/?page_id=537"},"modified":"2025-03-11T16:58:43","modified_gmt":"2025-03-11T16:58:43","slug":"auditoria-retroativa","status":"publish","type":"page","link":"https:\/\/forpay.com.br\/index.php\/auditoria-retroativa\/","title":{"rendered":"Auditoria Retroativa"},"content":{"rendered":"\t\t<div data-elementor-type=\"wp-page\" data-elementor-id=\"537\" class=\"elementor elementor-537\" data-elementor-settings=\"[]\">\n\t\t\t<div class=\"elementor-inner\">\n\t\t\t\t<div class=\"elementor-section-wrap\">\n\t\t\t\t\t\t\t<section class=\"elementor-element elementor-element-2b67bcf0 elementor-section-boxed elementor-section-height-default elementor-section-height-default elementor-section elementor-top-section\" data-id=\"2b67bcf0\" data-element_type=\"section\" data-settings=\"{&quot;background_background&quot;:&quot;classic&quot;}\">\n\t\t\t\t\t\t<div class=\"elementor-container elementor-column-gap-default\">\n\t\t\t\t<div class=\"elementor-row\">\n\t\t\t\t<div class=\"elementor-element elementor-element-1603b8a0 elementor-column elementor-col-100 elementor-top-column\" data-id=\"1603b8a0\" data-element_type=\"column\">\n\t\t\t<div class=\"elementor-column-wrap  elementor-element-populated\">\n\t\t\t\t\t<div class=\"elementor-widget-wrap\">\n\t\t\t\t<div class=\"elementor-element elementor-element-4fb8366 elementor-widget elementor-widget-text-editor\" data-id=\"4fb8366\" data-element_type=\"widget\" data-widget_type=\"text-editor.default\">\n\t\t\t\t<div class=\"elementor-widget-container\">\n\t\t\t\t\t<div class=\"elementor-text-editor elementor-clearfix\"><p>A\u00a0<span style=\"font-weight: bolder;\">ForPay\u00a0<\/span>utiliza uma tecnologia que analisa as transa\u00e7\u00f5es realizadas em<br \/>suas m\u00e1quinas de cart\u00e3o nos \u00faltimos cinco anos, verificando se as taxas<br \/>de d\u00e9bito e cr\u00e9dito acordadas foram corretamente aplicadas.<\/p><\/div>\n\t\t\t\t<\/div>\n\t\t\t\t<\/div>\n\t\t\t\t<div class=\"elementor-element elementor-element-1caeec2 elementor-icon-list--layout-traditional elementor-widget elementor-widget-icon-list\" data-id=\"1caeec2\" data-element_type=\"widget\" data-widget_type=\"icon-list.default\">\n\t\t\t\t<div class=\"elementor-widget-container\">\n\t\t\t\t\t<ul class=\"elementor-icon-list-items\">\n\t\t\t\t\t\t\t<li class=\"elementor-icon-list-item\" >\n\t\t\t\t\t\t\t\t\t\t\t<span class=\"elementor-icon-list-icon\">\n\t\t\t\t\t\t\t<i aria-hidden=\"true\" class=\"fas fa-check\"><\/i>\t\t\t\t\t\t<\/span>\n\t\t\t\t\t\t\t\t\t\t<span class=\"elementor-icon-list-text\">Acesse nosso site: Visite www.forpay.com.br e procure pela se\u00e7\u00e3o Auditoria  Retroativa<\/span>\n\t\t\t\t\t\t\t\t\t<\/li>\n\t\t\t\t\t\t\t\t<li class=\"elementor-icon-list-item\" >\n\t\t\t\t\t\t\t\t\t\t\t<span class=\"elementor-icon-list-icon\">\n\t\t\t\t\t\t\t<i aria-hidden=\"true\" class=\"far fa-window-restore\"><\/i>\t\t\t\t\t\t<\/span>\n\t\t\t\t\t\t\t\t\t\t<span class=\"elementor-icon-list-text\"> Envie seus documentos: Forne\u00e7a todos os documentos solicitados  diretamente pelo site.<\/span>\n\t\t\t\t\t\t\t\t\t<\/li>\n\t\t\t\t\t\t\t\t<li class=\"elementor-icon-list-item\" >\n\t\t\t\t\t\t\t\t\t\t\t<span class=\"elementor-icon-list-icon\">\n\t\t\t\t\t\t\t<i aria-hidden=\"true\" class=\"fas fa-search\"><\/i>\t\t\t\t\t\t<\/span>\n\t\t\t\t\t\t\t\t\t\t<span class=\"elementor-icon-list-text\">An\u00e1lise detalhada: Em at\u00e9 90 dias, apresentaremos o resultado da an\u00e1lise.<\/span>\n\t\t\t\t\t\t\t\t\t<\/li>\n\t\t\t\t\t\t<\/ul>\n\t\t\t\t<\/div>\n\t\t\t\t<\/div>\n\t\t\t\t<div class=\"elementor-element elementor-element-65c46d59 elementor-widget elementor-widget-text-editor\" data-id=\"65c46d59\" data-element_type=\"widget\" data-widget_type=\"text-editor.default\">\n\t\t\t\t<div class=\"elementor-widget-container\">\n\t\t\t\t\t<div class=\"elementor-text-editor elementor-clearfix\"><p><!-- wp:paragraph --><\/p>\n<p><!-- \/wp:paragraph --><\/p>\n<p><!-- wp:paragraph --><\/p>\n<p><strong>Resultados poss\u00edveis:<\/strong><br \/><br \/>\u2022 Nenhuma diverg\u00eancia encontrada: Se todas as taxas acordadas foram<br \/>corretamente aplicadas, voc\u00ea n\u00e3o ter\u00e1 nenhum custo. O risco \u00e9 totalmente nosso.<br \/><br \/>\u2022 Diverg\u00eancias identificadas: Caso encontremos erros ou cobran\u00e7as indevidas, a<br \/>ForPay cuidar\u00e1 de todo o processo. Apresentaremos as discrep\u00e2ncias \u00e0s<br \/>operadoras de cart\u00e3o e solicitaremos a devolu\u00e7\u00e3o dos valores retidos<br \/>indevidamente. Ap\u00f3s o reembolso ser creditado em sua conta, nossa remunera\u00e7\u00e3o<br \/>ser\u00e1 de 40% do valor recuperado.<\/p>\n<p><!-- \/wp:paragraph --><\/p>\n<p><!-- wp:paragraph --><\/p>\n<p><strong>E depois? Qual o pr\u00f3ximo passo?<\/strong><br \/><br \/>Ap\u00f3s essa etapa, oferecemos a Auditoria Online para monitorar em tempo real as<br \/>taxas aplicadas, garantindo que futuras cobran\u00e7as estejam sempre corretas.<\/p>\n<p><strong>Vamos recuperar o que \u00e9 seu<\/strong><\/p>\n<p><!-- \/wp:paragraph --><\/p><\/div>\n\t\t\t\t<\/div>\n\t\t\t\t<\/div>\n\t\t\t\t<div class=\"elementor-element elementor-element-efb0e97 elementor-widget elementor-widget-button\" data-id=\"efb0e97\" data-element_type=\"widget\" data-widget_type=\"button.default\">\n\t\t\t\t<div class=\"elementor-widget-container\">\n\t\t\t\t\t<div class=\"elementor-button-wrapper\">\n\t\t\t<a href=\"https:\/\/app.zapsign.com.br\/verificar\/doc\/1cf20c9a-e9a8-4ebc-9e52-6f97f233a777\" class=\"elementor-button-link elementor-button elementor-size-sm\" role=\"button\">\n\t\t\t\t\t\t<span class=\"elementor-button-content-wrapper\">\n\t\t\t\t\t\t<span class=\"elementor-button-text\">Cadastre-se<\/span>\n\t\t<\/span>\n\t\t\t\t\t<\/a>\n\t\t<\/div>\n\t\t\t\t<\/div>\n\t\t\t\t<\/div>\n\t\t\t\t<div class=\"elementor-element elementor-element-b4479c8 elementor-widget elementor-widget-spacer\" data-id=\"b4479c8\" data-element_type=\"widget\" data-widget_type=\"spacer.default\">\n\t\t\t\t<div class=\"elementor-widget-container\">\n\t\t\t\t\t<div class=\"elementor-spacer\">\n\t\t\t<div class=\"elementor-spacer-inner\"><\/div>\n\t\t<\/div>\n\t\t\t\t<\/div>\n\t\t\t\t<\/div>\n\t\t\t\t\t\t<\/div>\n\t\t\t<\/div>\n\t\t<\/div>\n\t\t\t\t\t\t<\/div>\n\t\t\t<\/div>\n\t\t<\/section>\n\t\t\t\t\t\t<\/div>\n\t\t\t<\/div>\n\t\t<\/div>\n\t\t","protected":false},"excerpt":{"rendered":"<p>A\u00a0ForPay\u00a0utiliza uma tecnologia que analisa as transa\u00e7\u00f5es realizadas emsuas m\u00e1quinas de cart\u00e3o nos \u00faltimos cinco anos, verificando se as taxasde d\u00e9bito e cr\u00e9dito acordadas foram corretamente aplicadas. Acesse nosso site: Visite www.forpay.com.br e procure pela se\u00e7\u00e3o Auditoria Retroativa Envie seus documentos: Forne\u00e7a todos os documentos solicitados diretamente pelo site. An\u00e1lise detalhada: Em at\u00e9 90 dias, [&hellip;]<\/p>\n","protected":false},"author":1,"featured_media":0,"parent":0,"menu_order":0,"comment_status":"closed","ping_status":"closed","template":"","meta":{"footnotes":""},"class_list":["post-537","page","type-page","status-publish","hentry"],"_links":{"self":[{"href":"https:\/\/forpay.com.br\/index.php\/wp-json\/wp\/v2\/pages\/537"}],"collection":[{"href":"https:\/\/forpay.com.br\/index.php\/wp-json\/wp\/v2\/pages"}],"about":[{"href":"https:\/\/forpay.com.br\/index.php\/wp-json\/wp\/v2\/types\/page"}],"author":[{"embeddable":true,"href":"https:\/\/forpay.com.br\/index.php\/wp-json\/wp\/v2\/users\/1"}],"replies":[{"embeddable":true,"href":"https:\/\/forpay.com.br\/index.php\/wp-json\/wp\/v2\/comments?post=537"}],"version-history":[{"count":8,"href":"https:\/\/forpay.com.br\/index.php\/wp-json\/wp\/v2\/pages\/537\/revisions"}],"predecessor-version":[{"id":556,"href":"https:\/\/forpay.com.br\/index.php\/wp-json\/wp\/v2\/pages\/537\/revisions\/556"}],"wp:attachment":[{"href":"https:\/\/forpay.com.br\/index.php\/wp-json\/wp\/v2\/media?parent=537"}],"curies":[{"name":"wp","href":"https:\/\/api.w.org\/{rel}","templated":true}]}}